{"id":1001,"date":"2023-04-18T13:49:14","date_gmt":"2023-04-18T13:49:14","guid":{"rendered":"https:\/\/apoa-alcorcon.com\/?page_id=1001"},"modified":"2023-04-27T11:56:07","modified_gmt":"2023-04-27T11:56:07","slug":"home","status":"publish","type":"page","link":"https:\/\/apoa-alcorcon.com\/","title":{"rendered":"Home"},"content":{"rendered":"\n<div id=\"block-e8cd03-3ddc-40\" class=\"wp-block-gutenbee-container alignfull block-e8cd03-3ddc-40 theme-grid has-background-image has-background-overlay\"><style>.wp-block-gutenbee-container.block-e8cd03-3ddc-40 { height: 100vh; margin-bottom: 90px; align-items: center; }\n.wp-block-gutenbee-container.block-e8cd03-3ddc-40 > .wp-block-gutenbee-container-background { background-image: url(https:\/\/apoa-alcorcon.com\/wp-content\/uploads\/2023\/01\/park-g22b365728_1280.png); background-repeat: no-repeat; background-size: cover; background-position: top center; background-attachment: scroll; }<\/style><div class=\"wp-block-gutenbee-container-inner\"><div class=\"wp-block-gutenbee-container-row wp-block-gutenbee-container-lg\">\n<div class=\"wp-block-gutenbee-column block-bcb4df-ff4b-4f\"><style>.wp-block-gutenbee-column.block-bcb4df-ff4b-4f { flex-basis: 100%; }\n\n\n      @media (max-width: 991px) {\n        .wp-block-gutenbee-column.block-bcb4df-ff4b-4f { flex-basis: 100%; }\n      }\n    \n\n      @media (max-width: 575px) {\n        .wp-block-gutenbee-column.block-bcb4df-ff4b-4f { flex-basis: 100%; }\n      }<\/style><div class=\"wp-block-gutenbee-column-content\">\n<h1 id=\"block-634cb5-9192-4b\" class=\"wp-block-gutenbee-heading block-634cb5-9192-4b has-text-color has-background-color\" style=\"color:#ffffff;background-color:rgba(33, 33, 33, 0);box-shadow:-10px 0px 0px 0px  #a5af1c\">APOA<\/h1><style>.wp-block-gutenbee-heading.block-634cb5-9192-4b { padding-left: 15px; font-size: 64px; }<\/style>\n\n\n\n<h1 id=\"block-87a757-9374-4a\" class=\"wp-block-gutenbee-heading block-87a757-9374-4a has-text-color has-background-color\" style=\"color:#ffffff;background-color:rgba(33, 33, 33, 0)\">Asociaci\u00f3n de propietarios &#8211; Puerta Oeste Alcorc\u00f3n<\/h1><style>.wp-block-gutenbee-heading.block-87a757-9374-4a { padding-left: 20px; font-size: 32px; }<\/style>\n<\/div><\/div>\n<\/div><div class=\"wp-block-gutenbee-container-background-overlay\" style=\"background-color:rgba(0, 0, 0, 0.2)\"><\/div><\/div><div class=\"wp-block-gutenbee-container-background\" data-parallax-speed=\"0.3\"><\/div><\/div>\n\n\n\n<p class=\"has-text-align-center has-theme-white-color has-text-color has-background\" style=\"background-color:#a5af1c;font-size:18px\">La Asociaci\u00f3n Puerta Oeste de Alcorc\u00f3n (APOA) se constituy\u00f3 11 de julio de 2016 por los propietarios mayoritarios de los terrenos del \u00e1mbito conocido como \u201cAlcorc\u00f3n Norte\u201d, con el objetivo de impulsar su futura transformaci\u00f3n urban\u00edstica bajo los m\u00e1s altos est\u00e1ndares de sostenibilidad ambiental, econ\u00f3mica y social.<\/p>\n\n\n\n<hr class=\"wp-block-separator has-text-color has-alpha-channel-opacity has-background\" style=\"background-color:#a5af1c;color:#a5af1c\"\/>\n\n\n\n<div class=\"wp-block-columns is-layout-flex wp-container-core-columns-is-layout-9d6595d7 wp-block-columns-is-layout-flex\">\n<div class=\"wp-block-column is-layout-flow wp-block-column-is-layout-flow\">\n<div id=\"block-492075-2a82-49\" class=\"wp-block-gutenbee-iconbox block-492075-2a82-49 wp-block-gutenbee-iconbox-align-left\"><div id=\"block-492075-2a82-49-icon\" class=\"block-492075-2a82-49-icon gutenbee-icon-block align-left gutenbee-icon-block-default\"><style>.gutenbee-icon-block.block-492075-2a82-49-icon .gutenbee-icon-block-icon-wrap { font-size: 40px; }\n.gutenbee-icon-block.block-492075-2a82-49-icon svg { width: 40px; height: 40px; }<\/style><span class=\"gutenbee-icon-block-icon-wrap\" style=\"color:#a5af1c;background-color:transparent;border-color:transparent;width:auto;height:auto;border-width:3px\"><svg viewBox=\"0 0 24 24\" class=\"\" preserveAspectRatio=\"xMidYMid meet\"><path fill=\"#5c6671\" d=\"M12 0C5.383 0 0 5.383 0 12s5.383 12 12 12 12-5.383 12-12S18.617 0 12 0zm.5 22.975V19.5a.5.5 0 00-1 0v3.475C5.834 22.718 1.282 18.166 1.025 12.5H4.5a.5.5 0 000-1H1.025C1.282 5.834 5.834 1.282 11.5 1.025V4.5a.5.5 0 001 0V1.025c5.666.257 10.218 4.809 10.475 10.475H19.5a.5.5 0 000 1h3.475c-.257 5.666-4.809 10.218-10.475 10.475zM12 11a1 1 0 100 2 1 1 0 000-2zm0 1z\"><\/path><\/svg><\/span><\/div><div class=\"wp-block-gutenbee-iconbox-content\"><h3 class=\"wp-block-gutenbee-iconbox-title\">Misi\u00f3n<\/h3><p class=\"wp-block-gutenbee-iconbox-text\"><br>Desde APOA entendemos el desarrollo urban\u00edstico de Alcorc\u00f3n Norte como una oportunidad \u00fanica para hacer frente a los retos de futuro del municipio y contribuir a una transformaci\u00f3n m\u00e1s sostenible, resiliente e inclusiva de la regi\u00f3n de Madrid.<\/p><\/div><\/div>\n<\/div>\n\n\n\n<div class=\"wp-block-column is-layout-flow wp-block-column-is-layout-flow\">\n<div id=\"block-8a09ea-7971-48\" class=\"wp-block-gutenbee-iconbox block-8a09ea-7971-48 wp-block-gutenbee-iconbox-align-left\"><div id=\"block-8a09ea-7971-48-icon\" class=\"block-8a09ea-7971-48-icon gutenbee-icon-block align-left gutenbee-icon-block-default\"><style>.gutenbee-icon-block.block-8a09ea-7971-48-icon .gutenbee-icon-block-icon-wrap { font-size: 40px; }\n.gutenbee-icon-block.block-8a09ea-7971-48-icon svg { width: 40px; height: 40px; }<\/style><span class=\"gutenbee-icon-block-icon-wrap\" style=\"color:#a5af1c;background-color:transparent;border-color:transparent;width:auto;height:auto;border-width:3px\"><svg viewBox=\"0 0 24 24\" class=\"\" preserveAspectRatio=\"xMidYMid meet\"><path fill=\"#5c6671\" d=\"M22.452 3.7a.47.47 0 00-.039-.093A.995.995 0 0021.5 3a.924.924 0 00-.343.063l-1.494.497a.394.394 0 00-.083.037c-.3.138-.5.414-.555.735L1.832 11.085a.752.752 0 00-.331-.084c-.05 0-.192.024-.24.039l-.771.239a.734.734 0 00-.488.684c0 .091 0 .091.779 2.494.088.32.384.544.721.544.092 0 .092 0 .986-.27a.746.746 0 00.365-.261l8.295-1.98a.985.985 0 00.354.357v.535l-3.447 6.895a.5.5 0 00.895.448l2.553-5.105v3.882a.5.5 0 001 0V15.62l2.553 5.105a.501.501 0 00.895-.448l-3.447-6.895v-.535a.985.985 0 00.49-.797l7.808-1.864c.182.19.426.315.702.315.104 0 .116 0 1.839-.562l.034-.012a.993.993 0 00.627-.926c0-.102 0-.102-1.548-5.3zm-7.827 6.931l-.946-3.126 5.542-2.177c.186.633.533 1.793 1.172 3.927l-5.768 1.377zm-2.142.511A.974.974 0 0012 11a.986.986 0 00-.814.451l-2.878.687-.752-2.229 5.188-2.038.906 2.992-1.168.279zm-10.127.81l4.269-1.677.707 2.096-4.496 1.073c-.095-.298-.243-.76-.48-1.493zm-.695 1.982c-.138-.425-.428-1.32-.581-1.798l.258-.084.581 1.805-.258.077zm19.841-4.455l.001-.005c-.532-1.777-1.312-4.387-1.484-4.979l.005-.002 1.471-.491.017.041c.532 1.789 1.3 4.371 1.471 4.96-.219.071-1.136.37-1.479.476z\"><\/path><\/svg><\/span><\/div><div class=\"wp-block-gutenbee-iconbox-content\"><h3 class=\"wp-block-gutenbee-iconbox-title\">Visi\u00f3n<\/h3><p class=\"wp-block-gutenbee-iconbox-text\"><br>En APOA queremos crear entornos urbanos de calidad, m\u00e1s accesibles y cercanos, que se hayan dise\u00f1ado junto a sus verdaderos protagonistas. Por ello, impulsamos la colaboraci\u00f3n entre el sector privado, el p\u00fablico y la sociedad civil para una planificaci\u00f3n y desarrollo urbano que responda a las necesidades de las comunidades y territorios donde trabajamos.<\/p><\/div><\/div>\n<\/div>\n\n\n\n<div class=\"wp-block-column is-layout-flow wp-block-column-is-layout-flow\">\n<div id=\"block-35e63c-b199-48\" class=\"wp-block-gutenbee-iconbox block-35e63c-b199-48 wp-block-gutenbee-iconbox-align-left\"><div id=\"block-35e63c-b199-48-icon\" class=\"block-35e63c-b199-48-icon gutenbee-icon-block align-left gutenbee-icon-block-default\"><style>.gutenbee-icon-block.block-35e63c-b199-48-icon .gutenbee-icon-block-icon-wrap { font-size: 40px; }\n.gutenbee-icon-block.block-35e63c-b199-48-icon svg { width: 40px; height: 40px; }<\/style><span class=\"gutenbee-icon-block-icon-wrap\" style=\"color:#a5af1c;background-color:transparent;border-color:transparent;width:auto;height:auto;border-width:3px\"><svg viewBox=\"0 0 24 24\" class=\"\" preserveAspectRatio=\"xMidYMid meet\"><path fill=\"#5c6671\" d=\"M23.97 9.648a.488.488 0 00.025-.124c0-.008.005-.015.005-.024 0-.016-.008-.029-.009-.045a.437.437 0 00-.023-.113.475.475 0 00-.032-.073c-.008-.015-.011-.032-.02-.046l-4-6-.011-.01a.491.491 0 00-.159-.148l-.007-.002c-.011-.006-.024-.006-.036-.012a.502.502 0 00-.179-.045c-.009 0-.016-.006-.025-.006h-15c-.012 0-.023.008-.035.009a.514.514 0 00-.152.038c-.022.009-.044.014-.065.026-.008.005-.018.005-.026.011a.492.492 0 00-.134.135l-.004.004-.001.001-.001.002L.083 9.223c-.01.014-.012.031-.02.046a.475.475 0 00-.055.186c-.001.016-.009.029-.009.045 0 .008.004.015.005.024a.48.48 0 00.025.124c.006.019.008.039.017.057a.513.513 0 00.073.108c.012.014.019.031.032.044l.003.005 11.5 11c.01.009.023.013.033.021.014.012.029.019.045.029a.496.496 0 00.241.084c.005 0 .009.005.015.005H12a.492.492 0 00.252-.079c.018-.011.033-.019.049-.032.014-.011.031-.016.044-.028l11.5-11 .003-.005c.013-.013.02-.029.032-.044a.513.513 0 00.073-.108c.008-.018.01-.038.017-.057zM4.5 4.401L7.566 9H1.435l3.066-4.599zM9.371 9l2.662-4.565L15.153 9H9.371zm6.009 1l-3.343 8.968L9.184 10h6.196zm-2.433-6h5.695l-2.581 4.556L12.948 4zM8.472 8.556L5.435 4h5.695L8.472 8.556zM8.134 10l2.795 8.784L1.745 10h6.389zm8.314 0h5.807l-9.024 8.631L16.448 10zm.51-1l2.576-4.547L22.565 9h-5.608z\"><\/path><\/svg><\/span><\/div><div class=\"wp-block-gutenbee-iconbox-content\"><h3 class=\"wp-block-gutenbee-iconbox-title\">Valores<\/h3><p class=\"wp-block-gutenbee-iconbox-text\"><br>APOA apostamos por un urbanismo de proximidad que promueva soluciones innovadoras a los desaf\u00edos ecol\u00f3gicos y sociales del s.XXI: una transici\u00f3n energ\u00e9tica justa y adaptaci\u00f3n al cambio clim\u00e1tico, una movilidad alternativa que  reduzca la dependencia del coche, un mejor acceso a la vivienda o una mayor cohesi\u00f3n social en ciudades m\u00e1s activas y saludables.<\/p><\/div><\/div>\n<\/div>\n<\/div>\n\n\n\n<hr class=\"wp-block-separator has-text-color has-alpha-channel-opacity has-background\" style=\"background-color:#a5af1c;color:#a5af1c\"\/>\n\n\n\n<div class=\"wp-block-columns is-layout-flex wp-container-core-columns-is-layout-9d6595d7 wp-block-columns-is-layout-flex\">\n<div class=\"wp-block-column is-layout-flow wp-block-column-is-layout-flow\">\n<h2 class=\"wp-block-heading\">Contacto<\/h2>\n\n\n\n<p class=\"has-text-align-left\">Calle de los Ebanistas, 4.<br>Pol\u00edgono Industrial Urtinsa<br>28923, Alcorc\u00f3n (Madrid)<\/p>\n\n\n\n<iframe src=\"https:\/\/www.google.com\/maps\/embed?pb=!1m18!1m12!1m3!1d3041.0074211467886!2d-3.8075482846465567!3d40.3421813793739!2m3!1f0!2f0!3f0!3m2!1i1024!2i768!4f13.1!3m3!1m2!1s0xd418942682440a3%3A0x443dc2565f746bcb!2sC.%20los%20Ebanistas%2C%204%2C%2028923%20Alcorc%C3%B3n%2C%20Madrid!5e0!3m2!1ses!2ses!4v1675106035962!5m2!1ses!2ses\" width=\"630\" height=\"450\" style=\"border:0;\" allowfullscreen=\"\" loading=\"lazy\" referrerpolicy=\"no-referrer-when-downgrade\"><\/iframe>\n<\/div>\n\n\n\n<div class=\"wp-block-column is-layout-flow wp-block-column-is-layout-flow\">\n<p>Si quieres ponerte en contacto con nosotros para obtener m\u00e1s informaci\u00f3n sobre APOA y sus proyectos, no dudes en escribirnos. <\/p>\n\n\n\n<div class=\"wp-block-contact-form-7-contact-form-selector\">\n<div class=\"wpcf7 no-js\" id=\"wpcf7-f7-o1\" lang=\"es-ES\" dir=\"ltr\">\n<div class=\"screen-reader-response\"><p role=\"status\" aria-live=\"polite\" aria-atomic=\"true\"><\/p> <ul><\/ul><\/div>\n<form action=\"\/index.php?rest_route=%2Fwp%2Fv2%2Fpages%2F1001#wpcf7-f7-o1\" method=\"post\" class=\"wpcf7-form init\" aria-label=\"Formulario de contacto\" novalidate=\"novalidate\" data-status=\"init\">\n<div style=\"display: none;\">\n<input type=\"hidden\" name=\"_wpcf7\" value=\"7\" \/>\n<input type=\"hidden\" name=\"_wpcf7_version\" value=\"5.7.3\" \/>\n<input type=\"hidden\" name=\"_wpcf7_locale\" value=\"es_ES\" \/>\n<input type=\"hidden\" name=\"_wpcf7_unit_tag\" value=\"wpcf7-f7-o1\" \/>\n<input type=\"hidden\" name=\"_wpcf7_container_post\" value=\"0\" \/>\n<input type=\"hidden\" name=\"_wpcf7_posted_data_hash\" value=\"\" \/>\n<\/div>\n<p><label> Tu nombre<br \/>\n<span class=\"wpcf7-form-control-wrap\" data-name=\"your-name\"><input size=\"40\" class=\"wpcf7-form-control wpcf7-text wpcf7-validates-as-required\" autocomplete=\"name\" aria-required=\"true\" aria-invalid=\"false\" value=\"\" type=\"text\" name=\"your-name\" \/><\/span> <\/label>\n<\/p>\n<p><label> Tu correo electr\u00f3nico<br \/>\n<span class=\"wpcf7-form-control-wrap\" data-name=\"your-email\"><input size=\"40\" class=\"wpcf7-form-control wpcf7-text wpcf7-email wpcf7-validates-as-required wpcf7-validates-as-email\" autocomplete=\"email\" aria-required=\"true\" aria-invalid=\"false\" value=\"\" type=\"email\" name=\"your-email\" \/><\/span> <\/label>\n<\/p>\n<p><label> Asunto<br \/>\n<span class=\"wpcf7-form-control-wrap\" data-name=\"your-subject\"><input size=\"40\" class=\"wpcf7-form-control wpcf7-text wpcf7-validates-as-required\" aria-required=\"true\" aria-invalid=\"false\" value=\"\" type=\"text\" name=\"your-subject\" \/><\/span> <\/label>\n<\/p>\n<p><label> Tu mensaje (opcional)<br \/>\n<span class=\"wpcf7-form-control-wrap\" data-name=\"your-message\"><textarea cols=\"40\" rows=\"10\" class=\"wpcf7-form-control wpcf7-textarea\" aria-invalid=\"false\" name=\"your-message\"><\/textarea><\/span> <\/label>\n<\/p>\n<p><input class=\"wpcf7-form-control has-spinner wpcf7-submit\" type=\"submit\" value=\"Enviar\" \/>\n<\/p><div class=\"wpcf7-response-output\" aria-hidden=\"true\"><\/div>\n<\/form>\n<\/div>\n<\/div>\n\n\n\n<p>*Al contactar con nosotros a trav\u00e9s de este formulario aceptas la <a href=\"https:\/\/apoa-alcorcon.com\/?page_id=1017\">Pol\u00edtica de Privacidad<\/a><\/p>\n<\/div>\n<\/div>\n\n\n\n<hr class=\"wp-block-separator has-text-color has-alpha-channel-opacity has-background\" style=\"background-color:#a5af1c;color:#a5af1c\"\/>\n","protected":false},"excerpt":{"rendered":"<p>La Asociaci\u00f3n Puerta Oeste de Alcorc\u00f3n (APOA) se constituy\u00f3 11 de julio de 2016 por los propietarios mayoritarios de los terrenos del \u00e1mbito conocido como \u201cAlcorc\u00f3n Norte\u201d, con el objetivo de impulsar su futura transformaci\u00f3n [&hellip;]<\/p>\n","protected":false},"author":1,"featured_media":0,"parent":0,"menu_order":0,"comment_status":"closed","ping_status":"closed","template":"templates\/template-fullwidth-boxed.php","meta":{"footnotes":""},"class_list":["post-1001","page","type-page","status-publish","hentry"],"_links":{"self":[{"href":"https:\/\/apoa-alcorcon.com\/index.php?rest_route=\/wp\/v2\/pages\/1001","targetHints":{"allow":["GET"]}}],"collection":[{"href":"https:\/\/apoa-alcorcon.com\/index.php?rest_route=\/wp\/v2\/pages"}],"about":[{"href":"https:\/\/apoa-alcorcon.com\/index.php?rest_route=\/wp\/v2\/types\/page"}],"author":[{"embeddable":true,"href":"https:\/\/apoa-alcorcon.com\/index.php?rest_route=\/wp\/v2\/users\/1"}],"replies":[{"embeddable":true,"href":"https:\/\/apoa-alcorcon.com\/index.php?rest_route=%2Fwp%2Fv2%2Fcomments&post=1001"}],"version-history":[{"count":13,"href":"https:\/\/apoa-alcorcon.com\/index.php?rest_route=\/wp\/v2\/pages\/1001\/revisions"}],"predecessor-version":[{"id":1038,"href":"https:\/\/apoa-alcorcon.com\/index.php?rest_route=\/wp\/v2\/pages\/1001\/revisions\/1038"}],"wp:attachment":[{"href":"https:\/\/apoa-alcorcon.com\/index.php?rest_route=%2Fwp%2Fv2%2Fmedia&parent=1001"}],"curies":[{"name":"wp","href":"https:\/\/api.w.org\/{rel}","templated":true}]}}